{"id":751,"date":"2023-09-14T11:38:52","date_gmt":"2023-09-14T11:38:52","guid":{"rendered":"https:\/\/aaudz.com\/?page_id=751"},"modified":"2025-01-09T09:24:58","modified_gmt":"2025-01-09T09:24:58","slug":"recommandations-e-posters","status":"publish","type":"page","link":"https:\/\/aaudz.com\/index.php\/recommandations-e-posters\/","title":{"rendered":"Recommandations E-Posters"},"content":{"rendered":"<div class=\"fusion-fullwidth fullwidth-box fusion-builder-row-1 fusion-flex-container nonhundred-percent-fullwidth non-hundred-percent-height-scrolling\" style=\"--awb-border-radius-top-left:0px;--awb-border-radius-top-right:0px;--awb-border-radius-bottom-right:0px;--awb-border-radius-bottom-left:0px;\" ><div class=\"fusion-builder-row fusion-row fusion-flex-align-items-flex-start\" style=\"max-width:1248px;margin-left: calc(-4% \/ 2 );margin-right: calc(-4% \/ 2 );\"><div class=\"fusion-layout-column fusion_builder_column fusion-builder-column-0 fusion_builder_column_1_1 1_1 fusion-flex-column\" style=\"--awb-bg-size:cover;--awb-width-large:100%;--awb-margin-top-large:0px;--awb-spacing-right-large:1.92%;--awb-margin-bottom-large:0px;--awb-spacing-left-large:1.92%;--awb-width-medium:100%;--awb-spacing-right-medium:1.92%;--awb-spacing-left-medium:1.92%;--awb-width-small:100%;--awb-spacing-right-small:1.92%;--awb-spacing-left-small:1.92%;\"><div class=\"fusion-column-wrapper fusion-flex-justify-content-flex-start fusion-content-layout-column\"><div class=\"fusion-text fusion-text-1\"><p>Les communications affich\u00e9es accept\u00e9es par le conseil scientifique doivent \u00eatre pr\u00e9sent\u00e9es<br \/>\nsous forme \u00e9lectronique (E-poster).<br \/>\n&#8211; Vous devrez le faire parvenir par email \u00e0 : eposters@aaudz.com , veillez \u00e0 pr\u00e9ciser  dans l\u2019objet du message : poster n\u00b0\u2026<br \/>\nConsignes \u00e0 observer :<br \/>\n&#8211; Le poster doit \u00eatre \u00e0 la dimension A0 (84cm largeur X 120cm hauteur, format PORTRAIT)<br \/>\n&#8211; Le fichier ne doit comporter qu\u2019une seule planche<br \/>\n&#8211; Le fichier doit \u00eatre au format PDF<br \/>\n&#8211; Le nom du fichier doit-\u00eatre le num\u00e9ro de votre poster, exemple : pour le poster n\u00b0 56 le nom<br \/>\nsera : 56.pdf (voir liste des communications affich\u00e9es)<\/p>\n<\/div><\/div><\/div><\/div><\/div>\n","protected":false},"excerpt":{"rendered":"","protected":false},"author":1,"featured_media":0,"parent":0,"menu_order":0,"comment_status":"closed","ping_status":"closed","template":"100-width.php","meta":{"_eb_attr":"","footnotes":""},"class_list":["post-751","page","type-page","status-publish","hentry"],"_links":{"self":[{"href":"https:\/\/aaudz.com\/index.php\/wp-json\/wp\/v2\/pages\/751","targetHints":{"allow":["GET"]}}],"collection":[{"href":"https:\/\/aaudz.com\/index.php\/wp-json\/wp\/v2\/pages"}],"about":[{"href":"https:\/\/aaudz.com\/index.php\/wp-json\/wp\/v2\/types\/page"}],"author":[{"embeddable":true,"href":"https:\/\/aaudz.com\/index.php\/wp-json\/wp\/v2\/users\/1"}],"replies":[{"embeddable":true,"href":"https:\/\/aaudz.com\/index.php\/wp-json\/wp\/v2\/comments?post=751"}],"version-history":[{"count":2,"href":"https:\/\/aaudz.com\/index.php\/wp-json\/wp\/v2\/pages\/751\/revisions"}],"predecessor-version":[{"id":2761,"href":"https:\/\/aaudz.com\/index.php\/wp-json\/wp\/v2\/pages\/751\/revisions\/2761"}],"wp:attachment":[{"href":"https:\/\/aaudz.com\/index.php\/wp-json\/wp\/v2\/media?parent=751"}],"curies":[{"name":"wp","href":"https:\/\/api.w.org\/{rel}","templated":true}]}}