{"id":2373,"date":"2024-02-08T23:56:35","date_gmt":"2024-02-08T23:56:35","guid":{"rendered":"https:\/\/aaudz.com\/?page_id=2373"},"modified":"2024-02-12T09:49:40","modified_gmt":"2024-02-12T09:49:40","slug":"2373-2","status":"publish","type":"page","link":"https:\/\/aaudz.com\/index.php\/2373-2\/","title":{"rendered":"Communications pr\u00e9sent\u00e9es mini invasive 24"},"content":{"rendered":"<h1>Communications pr\u00e9sent\u00e9es 2024<\/h1>\n<h2 style=\"text-align: center;\">Jeudi 08 F\u00e9vrier 2024<\/h2>\n<h3>Premi\u00e8re s\u00e9ance<\/h3>\n<p><a href=\"https:\/\/aaudz.com\/wp-content\/uploads\/2024\/02\/4-Mise-au-point-sur-les-nouvelles.pdf\">Mise au point sur les nouvelles techniques chirurgicales et interventionnelles dans la prise en charge de l\u2019 HBP. R. Aiais<\/a><\/p>\n<p><a href=\"https:\/\/aaudz.com\/wp-content\/uploads\/2024\/02\/1-malavaud.pdf\">Biopsie Trans-p\u00e9rin\u00e9ale. B. Malavaud<\/a><\/p>\n<p><a href=\"https:\/\/aaudz.com\/wp-content\/uploads\/2024\/02\/Optimisation-des-techniques-chirurgicales-de-la-PT-Robot.pdf\">Optimisiation des techniques chirurgicales de la prostatectomie radicale robot assist\u00e9e A. Djehha<\/a><\/p>\n<h3>Troisi\u00e8me S\u00e9ance<\/h3>\n<p><a href=\"https:\/\/aaudz.com\/wp-content\/uploads\/2024\/02\/2-F.-DJOUHRI.pdf\">Recommandations pour traitement du Prolapsus g\u00e9nital. F. Djouhri<\/a><\/p>\n<p><a href=\"https:\/\/aaudz.com\/wp-content\/uploads\/2024\/02\/3-BENSLIMANE.pdf\"> R\u00f4le de l\u2019injection intra v\u00e9sical du botox dans la prise en charge des hyperactivit\u00e9s v\u00e9sicale. H. Benslimane<\/a><\/p>\n<p>&nbsp;<\/p>\n<h2 style=\"text-align: center;\">Vendredi 09 F\u00e9vrier 2024<\/h2>\n<h3>Premi\u00e8re s\u00e9ance<\/h3>\n<p><a href=\"https:\/\/aaudz.com\/wp-content\/uploads\/2024\/02\/1.traxer-.pdf\"> Lithiase en 2024 . O. Traxer<\/a><\/p>\n<p><a href=\"https:\/\/aaudz.com\/wp-content\/uploads\/2024\/02\/dr.SADOUDI.pdf\">Ur\u00e9t\u00e9roscopie souple dans la population p\u00e9diatrique. H.SADOUDI<\/a><\/p>\n<p><a href=\"https:\/\/aaudz.com\/wp-content\/uploads\/2024\/02\/kassem.pdf\"> Optmisation du free stone dans la NLPC. A. Kassem<\/a><\/p>\n<p><a href=\"https:\/\/aaudz.com\/wp-content\/uploads\/2024\/02\/4.DR_.OUANEZAR.pdf\">Mini-NLPC Laparo-assist\u00e9e dans le traitement d\u2019une lithiase sur un rein pelvien. C. Ouanezar<\/a><\/p>\n<p><a href=\"https:\/\/aaudz.com\/wp-content\/uploads\/2024\/02\/presentation-finale-touta.pdf\">Place du traitement mini invasif combin\u00e9 dans la prise en charge d\u2019une sonde double J Incrust\u00e9e. M.I. Touta<\/a><\/p>\n<h3>Deuxi\u00e8me s\u00e9ance<\/h3>\n<p><a href=\"https:\/\/aaudz.com\/wp-content\/uploads\/2024\/02\/bouhnik.pdf\">Bilateral single session PCNL. A. Bouhnik\u00a0<\/a><\/p>\n<p><a href=\"https:\/\/aaudz.com\/wp-content\/uploads\/2024\/02\/Ould-amar-.pdf\">La mini percutan\u00e9e en position supine : 85 cas. A. Ouldamar<\/a><\/p>\n<p><a href=\"https:\/\/aaudz.com\/wp-content\/uploads\/2024\/02\/carlo-casablanca.pdf\"> Endoscopic combined intra r\u00e9nal surgery. Carlo Casablanca<\/a><\/p>\n<p>&nbsp;<\/p>\n<p>&nbsp;<\/p>\n<p>&nbsp;<\/p>\n","protected":false},"excerpt":{"rendered":"<p>Communications pr\u00e9sent\u00e9es 2024 Jeudi 08 F\u00e9vrier 2024 Premi\u00e8re s\u00e9ance Mise [&hellip;]<\/p>\n","protected":false},"author":1,"featured_media":0,"parent":0,"menu_order":0,"comment_status":"closed","ping_status":"closed","template":"100-width.php","meta":{"_eb_attr":"","footnotes":""},"class_list":["post-2373","page","type-page","status-publish","hentry"],"_links":{"self":[{"href":"https:\/\/aaudz.com\/index.php\/wp-json\/wp\/v2\/pages\/2373","targetHints":{"allow":["GET"]}}],"collection":[{"href":"https:\/\/aaudz.com\/index.php\/wp-json\/wp\/v2\/pages"}],"about":[{"href":"https:\/\/aaudz.com\/index.php\/wp-json\/wp\/v2\/types\/page"}],"author":[{"embeddable":true,"href":"https:\/\/aaudz.com\/index.php\/wp-json\/wp\/v2\/users\/1"}],"replies":[{"embeddable":true,"href":"https:\/\/aaudz.com\/index.php\/wp-json\/wp\/v2\/comments?post=2373"}],"version-history":[{"count":4,"href":"https:\/\/aaudz.com\/index.php\/wp-json\/wp\/v2\/pages\/2373\/revisions"}],"predecessor-version":[{"id":2389,"href":"https:\/\/aaudz.com\/index.php\/wp-json\/wp\/v2\/pages\/2373\/revisions\/2389"}],"wp:attachment":[{"href":"https:\/\/aaudz.com\/index.php\/wp-json\/wp\/v2\/media?parent=2373"}],"curies":[{"name":"wp","href":"https:\/\/api.w.org\/{rel}","templated":true}]}}