{"id":2105,"date":"2024-02-02T16:18:18","date_gmt":"2024-02-02T16:18:18","guid":{"rendered":"https:\/\/aaudz.com\/?page_id=2105"},"modified":"2024-02-02T16:20:26","modified_gmt":"2024-02-02T16:20:26","slug":"communication-presentees-1eres-journees-dandrologie","status":"publish","type":"page","link":"https:\/\/aaudz.com\/index.php\/communication-presentees-1eres-journees-dandrologie\/","title":{"rendered":"Communication pr\u00e9sent\u00e9es 1eres journ\u00e9es d&rsquo;andrologie"},"content":{"rendered":"<h1>Communications pr\u00e9sent\u00e9es 2022<\/h1>\n<h2 style=\"text-align: center;\">Jeudi 01 Septembre 2022<\/h2>\n<p><a href=\"https:\/\/aaudz.com\/wp-content\/uploads\/2024\/02\/1-Dr-Rebiha.pdf\">AZOOSPERMIE EPIDEMIOLOGIE. Pr. REBIHA<\/a><\/p>\n<p><a href=\"https:\/\/aaudz.com\/wp-content\/uploads\/2024\/02\/2-Dr-Hachi.pdf\">VARICOCELE ET AZOOSPERMIE NON OBSTRUCTIVE. Dr K. Hachi\u00a0<\/a><\/p>\n<p><a href=\"https:\/\/aaudz.com\/wp-content\/uploads\/2024\/02\/3-Dr-Rebiha.pdf\">AZOOSPERMIE TECHNIQUES CHIRUGICALES. Pr R. REBIHA<\/a><\/p>\n<p><a href=\"https:\/\/aaudz.com\/wp-content\/uploads\/2024\/02\/4-Dr-Gherabi.pdf\">Biopsie testiculaire sous microscope (microTESE). Dr Nazim GHERABI<\/a><\/p>\n<p><a href=\"https:\/\/aaudz.com\/wp-content\/uploads\/2024\/02\/5-ROUAG.-Micro-TESE-vs-c-TESE.pdf\">Micro-TESE vs c-TESE Dans les NOA. Dr ROUAG TAREK<\/a><\/p>\n<p><a href=\"https:\/\/aaudz.com\/wp-content\/uploads\/2024\/02\/6-Dr-Rebiha.pdf\">PRISE EN CHARGE DE L\u2019AZOOPSERMIE EXPERIENCE DU CENTRE ROTABY A propos de 192 CAS. Pr. REBIHA<\/a><\/p>\n<p><a href=\"https:\/\/aaudz.com\/wp-content\/uploads\/2024\/02\/7-Dr-Barbara.pdf\">Azoospermie prise en charge du gyn\u00e9cologue. S.Barbara<\/a><\/p>\n<p>&nbsp;<\/p>\n<h2 style=\"text-align: center;\">Vendredi 02 septembre 2022<\/h2>\n<p><a href=\"https:\/\/aaudz.com\/wp-content\/uploads\/2024\/02\/2-Dr-Khati.pdf\"> APPORT DE L\u2019IMAGERIE DANS L\u2019EXPLORATION DE L\u2019AZOOSPERMIE. DR A.KHATI<\/a><\/p>\n<p><a href=\"https:\/\/aaudz.com\/wp-content\/uploads\/2024\/02\/DR_BENSAADA-AAUA.pdf\">Azoospermie et G\u00e9n\u00e9tique, Les facteurs g\u00e9n\u00e9tiques dans l\u2019infertilit\u00e9 masculine. M.BENSAADA<\/a><\/p>\n<p><a href=\"https:\/\/aaudz.com\/wp-content\/uploads\/2024\/02\/Hasbellaoui-AAU-Prise-en-charge-de-lAzoospermie.pdf\">Prise en charge de l\u2019Azoospermie. Le point de vue de l\u2019Endocrinologue. F.HASBELLAOUI<\/a><\/p>\n<p><a href=\"https:\/\/aaudz.com\/wp-content\/uploads\/2024\/02\/Symposium-Frater.pdf\">Symposium Frater-Razers<\/a><\/p>\n<p>&nbsp;<\/p>\n","protected":false},"excerpt":{"rendered":"<p>Communications pr\u00e9sent\u00e9es 2022 Jeudi 01 Septembre 2022 AZOOSPERMIE EPIDEMIOLOGIE. Pr. [&hellip;]<\/p>\n","protected":false},"author":1,"featured_media":0,"parent":0,"menu_order":0,"comment_status":"closed","ping_status":"closed","template":"100-width.php","meta":{"_eb_attr":"","footnotes":""},"class_list":["post-2105","page","type-page","status-publish","hentry"],"_links":{"self":[{"href":"https:\/\/aaudz.com\/index.php\/wp-json\/wp\/v2\/pages\/2105","targetHints":{"allow":["GET"]}}],"collection":[{"href":"https:\/\/aaudz.com\/index.php\/wp-json\/wp\/v2\/pages"}],"about":[{"href":"https:\/\/aaudz.com\/index.php\/wp-json\/wp\/v2\/types\/page"}],"author":[{"embeddable":true,"href":"https:\/\/aaudz.com\/index.php\/wp-json\/wp\/v2\/users\/1"}],"replies":[{"embeddable":true,"href":"https:\/\/aaudz.com\/index.php\/wp-json\/wp\/v2\/comments?post=2105"}],"version-history":[{"count":2,"href":"https:\/\/aaudz.com\/index.php\/wp-json\/wp\/v2\/pages\/2105\/revisions"}],"predecessor-version":[{"id":2121,"href":"https:\/\/aaudz.com\/index.php\/wp-json\/wp\/v2\/pages\/2105\/revisions\/2121"}],"wp:attachment":[{"href":"https:\/\/aaudz.com\/index.php\/wp-json\/wp\/v2\/media?parent=2105"}],"curies":[{"name":"wp","href":"https:\/\/api.w.org\/{rel}","templated":true}]}}